(i). Let y(f) = f**2 - 12*f + 26. Let n be y(10). What are the prime factors of z(n)?
2, 5
Suppose -8*u + 4*u = -2*d + 1920, -4*d + 3*u + 3855 = 0. What are the prime factors of d?
2, 3, 7, 23
List the prime factors of ((-392)/4 + 11)*21/(-9).
7, 29
List the prime factors of -6 - -267*(-4)/(-6).
2, 43
Let k = 3 - 8. Let a(z) = -3*z**2 - 8*z + 15. Let l(r) = -2*r**2 - 4*r + 8. Let c(i) = k*l(i) + 3*a(i). What are the prime factors of c(4)?
5
What are the prime factors of 0 + (2351/3 - (-12)/9)?
5, 157
Let w(p) = -p**3 - 14*p**2 - 10*p - 19. Let h be w(-13). Let n = -40 - h. What are the prime factors of n?
2, 3
Suppose 3*y - 3*v - 1151 = -y, -5*y = -5*v - 1440. List the prime factors of y.
7, 41
Suppose -3*s - 6*j + 9*j + 11211 = 0, 0 = 3*s - j - 11207. What are the prime factors of s?
3, 5, 83
Let x = -50 - -61. List the prime factors of 3*x*-1*(-2)/2.
3, 11
List the prime factors of ((-2)/(-6))/(4/3132).
3, 29
Let v be (-6)/3 + (-2 - 16). Let k = 22 + v. Suppose m + 137 = 2*w, -k*m + 4*m = 2*w - 140. List the prime factors of w.
67
Suppose -3*m = 5*m - 32. Suppose 0 = m*b + 12, -4*p = -p - 2*b - 165. List the prime factors of p.
53
Let y(n) = 10*n**3 - 2*n**2 + n. Let s be y(1). Suppose 0*d = -3*d + s. Suppose -3*w + 2*j = -j - 93, -37 = -2*w - d*j. List the prime factors of w.
2, 13
Let b(c) = 36*c + 1009. List the prime factors of b(25).
23, 83
Let l(c) be the second derivative of -4*c**2 - 2*c - 5/6*c**4 + 1/20*c**5 - 5/6*c**3 + 0. List the prime factors of l(11).
2, 29
Suppose t = 6*t - 2*q + 12, 4*q + 8 = 2*t. What are the prime factors of (-2)/t*((-10 - -5) + 125)?
2, 3, 5
Let h be (-1)/5 + 10055/25. Suppose 2*v = -4*n + h, 3*n - 331 = -5*v - 33. List the prime factors of n/5 - 3/15.
2, 5
Let h = 422 - -42. List the prime factors of h.
2, 29
Let a = -5436 + 7610. What are the prime factors of a?
2, 1087
Suppose -3511 = -13*f + 3626. List the prime factors of f.
3, 61
Let s(u) = -3*u + 13. Let h be s(11). What are the prime factors of (8/h)/((-2)/430)?
2, 43
Let m(z) = -4*z**3 - 10*z**2 - 9*z - 3. List the prime factors of m(-8).
7, 211
List the prime factors of 58520/105 - 5/(-3).
13, 43
What are the prime factors of 23/((-207)/(-24768)) + 10?
2, 1381
Suppose 0*n - 2*n - 14 = 0. Let z = -49 + 48. List the prime factors of 4*z*n/2.
2, 7
Let f be (-1)/5 + (-2070)/25. Let n = 99 + f. What are the prime factors of n?
2
Let b(a) be the third derivative of a**5/60 - a**4/4 + 4*a**3/3 + a**2. Let r be (-3)/2*-2 + 22 + -20. What are the prime factors of b(r)?
3
List the prime factors of -1236*-2*(-3)/(-24).
3, 103
Suppose 1427 = 2*b + n + 117, -2*b - 4*n + 1316 = 0. List the prime factors of b.
2, 3, 109
Suppose 0*b - 2*b - 5*i = -1293, 5*b - 3285 = 5*i. List the prime factors of b.
2, 3, 109
Suppose 0*r + 29 = -r - 4*f, 5*r = -5*f - 70. Let t = -5 - r. Suppose 0 = q - t*q + 102. What are the prime factors of q?
2, 17
Suppose 0 = -18*o + 12928 + 4154. List the prime factors of o.
13, 73
Let m be 2/1*684/(-3). Let w = 766 + m. Suppose -9*k = -4*k - w. List the prime factors of k.
2, 31
Suppose -3*c - 4*c = -7. Suppose 56 = u + c. List the prime factors of u.
5, 11
Let t(b) = 5*b**2 - 33*b - 5. What are the prime factors of t(12)?
11, 29
Suppose -5*p - 399 = -4*o, -3*p = o - 0*p - 87. Let x = -49 + o. What are the prime factors of x?
47
Suppose 3120*t + 21798 = 3127*t. What are the prime factors of t?
2, 3, 173
Let w = -457 + 1110. List the prime factors of w.
653
Suppose -u - 45 = -22. Let h = u - -39. Suppose c = -h + 82. List the prime factors of c.
2, 3, 11
What are the prime factors of (-24 - -26)/(2/3022)?
2, 1511
Suppose -2*v - 7 + 159 = -3*h, 5*v = -4*h + 334. Let j = v + 37. What are the prime factors of j?
107
List the prime factors of -34 - -31 - (-780 + 4/(-2)).
19, 41
Let t = -1242 - -1791. What are the prime factors of t?
3, 61
Let t = 194 - 494. Let n = 513 + t. What are the prime factors of n?
3, 71
Suppose -6*g + 4*o + 2606 = -4*g, 3*g - 4*o = 3907. What are the prime factors of g?
1301
Suppose -u - 3*m + 5718 = 0, 4*m + 11416 = -34*u + 36*u. List the prime factors of u.
2, 3, 7, 17
Suppose -6*k = -k + 4*n - 70, -3*k + 2*n + 42 = 0. List the prime factors of (-2 + 8)/(4/k).
3, 7
Let d(c) = 4*c - 25. Let j be d(7). Suppose -u + 51 = l, -4*u + j*l + 250 = 32. What are the prime factors of u?
53
Let w(z) be the second derivative of z**3/6 + 35*z**2/2 - 8*z. What are the prime factors of w(-16)?
19
Suppose p - 2 = 0, 4*w - 3*p = 2*p + 5094. Suppose -w = -4*k - 2*j, -4*k - 475 + 1775 = -4*j. What are the prime factors of k?
3, 107
Suppose 499 = 5*v - 4*c - 1707, 3*v + 2*c = 1328. What are the prime factors of v?
2, 13, 17
Suppose 1285 - 520 = 3*d. Let p = d - 176. Suppose -p = 5*z - 274. What are the prime factors of z?
3, 13
Let z(i) = -8*i**3 - 2*i**2 + i - 2. List the prime factors of z(-4).
2, 3, 79
Suppose -100 = 18*k - 14*k. Suppose -3*o - g + 115 = -90, -72 = -o - 4*g. Let u = k + o. List the prime factors of u.
43
Let g be 1 - (-4382)/21*3/2. What are the prime factors of g + (-5)/((-30)/(-12))?
2, 3, 13
Suppose -l - 315 = -448. What are the prime factors of l?
7, 19
Let a(z) be the first derivative of 7*z**3/6 - 37*z**2/2 - 14*z + 7. Let v(s) be the first derivative of a(s). List the prime factors of v(15).
2, 17
Suppose -4*k + 4*g + 32 = 0, 2*k - g + 0*g = 12. Suppose 0 = 5*p + k*p - 666. List the prime factors of p.
2, 37
Suppose 0 = -205*s + 200*s + 20. Let x = -9 + 15. List the prime factors of 26/x + s/6.
5
Let v = 33 + -29. What are the prime factors of 29/1*(v + 0 + 1)?
5, 29
Let k(b) = 197*b - 42. List the prime factors of k(4).
2, 373
Let m = 46 - 41. Let q = 16 + 8. Let y = q - m. What are the prime factors of y?
19
Let g(i) = i**3 + 5*i**2 - 8*i - 7. Let p be g(-6). Suppose p*h = 11*h - 60. Let a = 15 + h. List the prime factors of a.
5
Suppose 2*g - 7031 - 3791 = -k, -16244 = -3*g + 4*k. List the prime factors of g.
2, 3, 11, 41
Suppose 3*w + 12 = 21. Suppose b - 5*y = 7, 0*y + 1 = 2*b + w*y. Suppose u = b, 2*a - a - 37 = 3*u. What are the prime factors of a?
43
Let m(r) be the first derivative of 2*r**3/3 - r**2 + 5*r - 5. Suppose 50*o = 54*o - 24. What are the prime factors of m(o)?
5, 13
Let x be 10/(-5)*61/(-2). Suppose k + 3*k = 5*z - 64, 5*z = k + x. Suppose -60 - z = -4*n. List the prime factors of n.
2, 3
Suppose 2*i - 8 = 0, 3*x - 388 = 2*i + 36. Suppose -2*j + 2*k + k = -123, 0 = -2*j - 4*k + x. List the prime factors of j.
2, 3, 11
Let v(h) = 19*h**2 + h + 1. List the prime factors of v(-7).
5, 37
Let a = 1225 - 840. List the prime factors of a.
5, 7, 11
Let j(r) = 4*r. Let v(m) = 4*m. Let s(t) = 4*j(t) - 3*v(t). Let p be s(1). What are the prime factors of 100/12 + p/6?
3
Suppose 3*f - 100 = 2*w, f + 0*w = 3*w + 24. Suppose -3 = j - f. List the prime factors of j.
3, 11
Suppose 2*g + 5*z - 235 = 0, -2*z = g - 112 - 4. Suppose 0 = 4*m + 38 - g. List the prime factors of m.
2, 3
Let k(p) = p. Let y(n) = -9*n + 8. Let q(v) = -6*k(v) - y(v). Let f be q(7). Suppose f - 37 = -4*o. What are the prime factors of o?
2, 3
Let n be (-8)/2 + 8/1. Suppose 228 = 4*z - n*u, 0 = z - 3*z - 3*u + 129. What are the prime factors of z?
2, 3, 5
Let x = 38 - 66. Let c = x - -18. List the prime factors of (-308)/c - (-1)/5.
31
Suppose 3*f - r = -370, 2 = 3*f - 2*r + 376. Let l = -81 - f. List the prime factors of l.
41
Suppose 0 = -4*g - 2*t - t + 192, -4*g + 192 = 2*t. Let a be 14*2 + (-1 - 0). Let d = g - a. What are the prime factors of d?
3, 7
Let l(q) = -11*q**3 - 5*q**2 - 26*q - 226. List the prime factors of l(-8).
2, 2647
Let j(r) = -28*r + 3. Let w be j(-1). List the prime factors of 8130/55 - (w/11 + -3).
2, 37
Let h = -25 - -27. Suppose 0 = -h*i - 29 + 165. What are the prime factors of i?
2, 17
Let w(c) = 6*c**2 + 3*c - 2. Let n be w(5). Suppose -4*g - n = -415. Suppose -g = -3*f - 0*f. What are the prime factors of f?
3, 7
Let z be 34/(-3)*(-6)/4. Let v be (z/(-2) + -1)*-2. Suppose -88 + v = -3*f. List the prime factors of f.
23
Let f(b) = 35*b**2 - 52*b - 8. List the prime factors of f(11).
5, 17, 43
Let r(l) be the second derivative of 11*l**4/4 - l**3/2 + 3*l**2/2 - 13*l. List the prime factors of r(2).
3, 43
Suppose 2*x + 242 = 2*o - 0*x, -x + 239 = 2*o. Suppose 3*l - 4*i - 132 = -30, 3*l + 2*i = o. Let